{"id":201,"date":"2017-03-06T07:31:12","date_gmt":"2017-03-06T06:31:12","guid":{"rendered":"http:\/\/szarak-kanczuga.pl\/?page_id=201"},"modified":"2017-11-20T14:29:13","modified_gmt":"2017-11-20T13:29:13","slug":"czlonkowie","status":"publish","type":"page","link":"https:\/\/szarak-kanczuga.pl\/index.php\/czlonkowie\/","title":{"rendered":"Lista cz\u0142onk\u00f3w"},"content":{"rendered":"<p>Lista cz\u0142onk\u00f3w Ko\u0142a \u0141owieckiego \u201eSzarak\u201d w Ka\u0144czudze<\/p>\n<table width=\"0\">\n<tbody>\n<tr>\n<td width=\"38\">Lp.<\/td>\n<td width=\"176\">Nazwisko i Imi\u0119<\/td>\n<td width=\"155\">Nr telefonu<\/td>\n<\/tr>\n<tr>\n<td width=\"38\">1<\/td>\n<td width=\"176\">Bar Edward<\/td>\n<td width=\"155\">883\u00a0286 068<\/td>\n<\/tr>\n<tr>\n<td width=\"38\">2<\/td>\n<td width=\"176\">Bar Adam<\/td>\n<td width=\"155\"><\/td>\n<\/tr>\n<tr>\n<td width=\"38\">3<\/td>\n<td width=\"176\">Bawor Rafa\u0142<\/td>\n<td width=\"155\">691\u00a0375 932<\/td>\n<\/tr>\n<tr>\n<td width=\"38\">4<\/td>\n<td width=\"176\">Bawor \u0141ukasz<\/td>\n<td width=\"155\">601\u00a0619 652<\/td>\n<\/tr>\n<tr>\n<td width=\"38\">5<\/td>\n<td width=\"176\">B\u0105cal Pawe\u0142<\/td>\n<td width=\"155\">668\u00a0004 601<\/td>\n<\/tr>\n<tr>\n<td width=\"38\">6<\/td>\n<td width=\"176\">Blok Adam<\/td>\n<td width=\"155\">601\u00a0938 099<\/td>\n<\/tr>\n<tr>\n<td width=\"38\">7<\/td>\n<td width=\"176\">Blok Andrzej<\/td>\n<td width=\"155\">692\u00a0763 169<\/td>\n<\/tr>\n<tr>\n<td width=\"38\">8<\/td>\n<td width=\"176\">B\u0142aszczyk J\u00f3zef<\/td>\n<td width=\"155\">502\u00a0111 556<\/td>\n<\/tr>\n<tr>\n<td width=\"38\">9<\/td>\n<td width=\"176\">Boratyn Katarzyna<\/td>\n<td width=\"155\">600\u00a0697 617<\/td>\n<\/tr>\n<tr>\n<td width=\"38\">10<\/td>\n<td width=\"176\">Boratyn Roman<\/td>\n<td width=\"155\">695\u00a0806 263<\/td>\n<\/tr>\n<tr>\n<td width=\"38\">11<\/td>\n<td width=\"176\">Brzezowski Janusz<\/td>\n<td width=\"155\">696\u00a0179 227<\/td>\n<\/tr>\n<tr>\n<td width=\"38\">12<\/td>\n<td width=\"176\">Bukowy Stanis\u0142aw<\/td>\n<td width=\"155\">665\u00a0077 392<\/td>\n<\/tr>\n<tr>\n<td width=\"38\">13<\/td>\n<td width=\"176\">Bukowy J\u00f3zef<\/td>\n<td width=\"155\">723\u00a0044 195<\/td>\n<\/tr>\n<tr>\n<td width=\"38\">14<\/td>\n<td width=\"176\">Byrwa Jan<\/td>\n<td width=\"155\">504\u00a0203 281<\/td>\n<\/tr>\n<tr>\n<td width=\"38\">15<\/td>\n<td width=\"176\">Cicho\u0144 Piotr<\/td>\n<td width=\"155\">600\u00a0943 509<\/td>\n<\/tr>\n<tr>\n<td width=\"38\">16<\/td>\n<td width=\"176\">Cielec Grzegorz<\/td>\n<td width=\"155\">669\u00a0594 293<\/td>\n<\/tr>\n<tr>\n<td width=\"38\">17<\/td>\n<td width=\"176\">Cie\u015bla Marian<\/td>\n<td width=\"155\">692\u00a0704 303<\/td>\n<\/tr>\n<tr>\n<td width=\"38\">18<\/td>\n<td width=\"176\">Dryniak Marek<\/td>\n<td width=\"155\">509\u00a0185 777<\/td>\n<\/tr>\n<tr>\n<td width=\"38\">19<\/td>\n<td width=\"176\">D\u017awierzy\u0144ski Piotr<\/td>\n<td width=\"155\">727\u00a0676 645<\/td>\n<\/tr>\n<tr>\n<td width=\"38\">20<\/td>\n<td width=\"176\">F\u0105fera Jan<\/td>\n<td width=\"155\">511\u00a0849 524<\/td>\n<\/tr>\n<tr>\n<td width=\"38\">21<\/td>\n<td width=\"176\">Fo\u0142ta Alfred<\/td>\n<td width=\"155\">508\u00a0519 203<\/td>\n<\/tr>\n<tr>\n<td width=\"38\">22<\/td>\n<td width=\"176\">Jakielaszek Zbigniew<\/td>\n<td width=\"155\">660\u00a0519 658<\/td>\n<\/tr>\n<tr>\n<td width=\"38\">23<\/td>\n<td width=\"176\">Kami\u0144ska Jolanta<\/td>\n<td width=\"155\">602\u00a0332 200<\/td>\n<\/tr>\n<tr>\n<td width=\"38\">24<\/td>\n<td width=\"176\">Kami\u0144ski Andrzej<\/td>\n<td width=\"155\">606\u00a0885 482<\/td>\n<\/tr>\n<tr>\n<td width=\"38\">25<\/td>\n<td width=\"176\">Karpiak Adam<\/td>\n<td width=\"155\">788972 515<\/td>\n<\/tr>\n<tr>\n<td width=\"38\">26<\/td>\n<td width=\"176\">Kasperski Bogus\u0142aw<\/td>\n<td width=\"155\">665\u00a0777 568<\/td>\n<\/tr>\n<tr>\n<td width=\"38\">27<\/td>\n<td width=\"176\">Kaszuba Grzegorz<\/td>\n<td width=\"155\">695\u00a0408 896<\/td>\n<\/tr>\n<tr>\n<td width=\"38\">28<\/td>\n<td width=\"176\">K\u0105dzio\u0142ka Grzegorz<\/td>\n<td width=\"155\">669\u00a0914 687<\/td>\n<\/tr>\n<tr>\n<td width=\"38\">29<\/td>\n<td width=\"176\">Ko\u0142odziej Kamil<\/td>\n<td width=\"155\">663\u00a0969 622<\/td>\n<\/tr>\n<tr>\n<td width=\"38\">30<\/td>\n<td width=\"176\">Kowal Ryszard<\/td>\n<td width=\"155\">665\u00a0577 106<\/td>\n<\/tr>\n<tr>\n<td width=\"38\">31<\/td>\n<td width=\"176\">Kowalik Bart\u0142omiej<\/td>\n<td width=\"155\">608 683 714<\/td>\n<\/tr>\n<tr>\n<td width=\"38\">32<\/td>\n<td width=\"176\">Kubicki Piotr<\/td>\n<td width=\"155\">608\u00a0456 000<\/td>\n<\/tr>\n<tr>\n<td width=\"38\">33<\/td>\n<td width=\"176\">Kury\u0142o Karol<\/td>\n<td width=\"155\">728\u00a0997 261<\/td>\n<\/tr>\n<tr>\n<td width=\"38\">34<\/td>\n<td width=\"176\">Ku\u015b Mariusz<\/td>\n<td width=\"155\">665\u00a0191 079<\/td>\n<\/tr>\n<tr>\n<td width=\"38\">35<\/td>\n<td width=\"176\">Ku\u017aniar Lucjan<\/td>\n<td width=\"155\">608\u00a0399 000<\/td>\n<\/tr>\n<tr>\n<td width=\"38\">36<\/td>\n<td width=\"176\">Majewski Tomasz<\/td>\n<td width=\"155\">604\u00a0632 833<\/td>\n<\/tr>\n<tr>\n<td width=\"38\">37<\/td>\n<td width=\"176\">Majewski Jacek<\/td>\n<td width=\"155\">605\u00a0133 335<\/td>\n<\/tr>\n<tr>\n<td width=\"38\">38<\/td>\n<td width=\"176\">Mazur Stanis\u0142aw<\/td>\n<td width=\"155\">695\u00a0694 352<\/td>\n<\/tr>\n<tr>\n<td width=\"38\">39<\/td>\n<td width=\"176\">Mo\u0142o\u0144 Janusz<\/td>\n<td width=\"155\">501\u00a0010 089<\/td>\n<\/tr>\n<tr>\n<td width=\"38\">40<\/td>\n<td width=\"176\">Mroziak Andrzej<\/td>\n<td width=\"155\">725\u00a0137 205<\/td>\n<\/tr>\n<tr>\n<td width=\"38\">41<\/td>\n<td width=\"176\">Niemczak Jakub<\/td>\n<td width=\"155\">663\u00a0516 643<\/td>\n<\/tr>\n<tr>\n<td width=\"38\">42<\/td>\n<td width=\"176\">Nowicki Piotr<\/td>\n<td width=\"155\">692\u00a0596 562<\/td>\n<\/tr>\n<tr>\n<td width=\"38\">43<\/td>\n<td width=\"176\">Pakla Stanis\u0142aw<\/td>\n<td width=\"155\">660\u00a0289 675<\/td>\n<\/tr>\n<tr>\n<td width=\"38\">44<\/td>\n<td width=\"176\">Pieni\u0105\u017cek Tadeusz<\/td>\n<td width=\"155\">603\u00a0220 309<\/td>\n<\/tr>\n<tr>\n<td width=\"38\">45<\/td>\n<td width=\"176\">Piku\u0142a J\u00f3zef<\/td>\n<td width=\"155\">16\u00a0642 30 53<\/td>\n<\/tr>\n<tr>\n<td width=\"38\">46<\/td>\n<td width=\"176\">Piku\u0142a Tomasz<\/td>\n<td width=\"155\">604\u00a0554 064<\/td>\n<\/tr>\n<tr>\n<td width=\"38\">47<\/td>\n<td width=\"176\">P\u0142ocica W\u0142adys\u0142aw<\/td>\n<td width=\"155\">666\u00a0451 745<\/td>\n<\/tr>\n<tr>\n<td width=\"38\">48<\/td>\n<td width=\"176\">Ruszel Piotr<\/td>\n<td width=\"155\">721\u00a0168 757<\/td>\n<\/tr>\n<tr>\n<td width=\"38\">49<\/td>\n<td width=\"176\">Ryznar Bart\u0142omiej<\/td>\n<td width=\"155\">531\u00a0684 324<\/td>\n<\/tr>\n<tr>\n<td width=\"38\">50<\/td>\n<td width=\"176\">Sk\u00f3ra Stanis\u0142aw<\/td>\n<td width=\"155\">691\u00a0467 605<\/td>\n<\/tr>\n<tr>\n<td width=\"38\">51<\/td>\n<td width=\"176\">Sosnowski Wojciech<\/td>\n<td width=\"155\">605\u00a0277 829<\/td>\n<\/tr>\n<tr>\n<td width=\"38\">52<\/td>\n<td width=\"176\">Szpytma Wojciech<\/td>\n<td width=\"155\">609\u00a0702 067<\/td>\n<\/tr>\n<tr>\n<td width=\"38\">53<\/td>\n<td width=\"176\">Ks. \u015aliwa Stanis\u0142aw<\/td>\n<td width=\"155\">500\u00a0182 222<\/td>\n<\/tr>\n<tr>\n<td width=\"38\">54<\/td>\n<td width=\"176\">Techma\u0144ski J\u00f3zef<\/td>\n<td width=\"155\">+491722125432<\/td>\n<\/tr>\n<tr>\n<td width=\"38\">55<\/td>\n<td width=\"176\">Telega Janusz<\/td>\n<td width=\"155\">+4915776867656<\/td>\n<\/tr>\n<tr>\n<td width=\"38\">56<\/td>\n<td width=\"176\">Wilczek Mariusz<\/td>\n<td width=\"155\">662\u00a0518 883<\/td>\n<\/tr>\n<tr>\n<td width=\"38\">57<\/td>\n<td width=\"176\">Wilk Stanis\u0142aw<\/td>\n<td width=\"155\"><\/td>\n<\/tr>\n<tr>\n<td width=\"38\">58<\/td>\n<td width=\"176\">Zi\u0119tek Bart\u0142omiej<\/td>\n<td width=\"155\">664\u00a0184 400<\/td>\n<\/tr>\n<tr>\n<td width=\"38\">59<\/td>\n<td width=\"176\">Zygmunt Jan<\/td>\n<td width=\"155\">600\u00a0171 318<\/td>\n<\/tr>\n<tr>\n<td width=\"38\">60<\/td>\n<td width=\"176\">Zygmunt Rafa\u0142<\/td>\n<td width=\"155\">535\u00a0888 416<\/td>\n<\/tr>\n<tr>\n<td width=\"38\">61<\/td>\n<td width=\"176\">Zyz Zbigniew<\/td>\n<td width=\"155\">603 844 246<\/td>\n<\/tr>\n<tr>\n<td width=\"38\">62<\/td>\n<td width=\"176\">\u017byga Mieczys\u0142aw<\/td>\n<td width=\"155\">607\u00a0359 712<\/td>\n<\/tr>\n<tr>\n<td width=\"38\">63<\/td>\n<td width=\"176\">\u017byga Wies\u0142aw<\/td>\n<td width=\"155\">691 089 382<\/td>\n<\/tr>\n<tr>\n<td width=\"38\">64<\/td>\n<td width=\"176\">\u017belisko Maciej<\/td>\n<td width=\"155\">662\u00a0305 089<\/td>\n<\/tr>\n<\/tbody>\n<\/table>\n<p>&nbsp;<\/p>\n<p>Stan na 02.11.2017<\/p>\n","protected":false},"excerpt":{"rendered":"<p>Lista cz\u0142onk\u00f3w Ko\u0142a \u0141owieckiego \u201eSzarak\u201d w Ka\u0144czudze Lp. Nazwisko i Imi\u0119 Nr telefonu 1 Bar Edward 883\u00a0286 068 2 Bar Adam 3 Bawor Rafa\u0142 691\u00a0375 932 4 Bawor \u0141ukasz 601\u00a0619 652 5 B\u0105cal Pawe\u0142 668\u00a0004 601 6 Blok Adam 601\u00a0938 &hellip; <a href=\"https:\/\/szarak-kanczuga.pl\/index.php\/czlonkowie\/\">Czytaj dalej <span class=\"meta-nav\">&rarr;<\/span><\/a><\/p>\n","protected":false},"author":1,"featured_media":0,"parent":0,"menu_order":0,"comment_status":"closed","ping_status":"closed","template":"","meta":{"_monsterinsights_skip_tracking":false,"_monsterinsights_sitenote_active":false,"_monsterinsights_sitenote_note":"","_monsterinsights_sitenote_category":0,"ngg_post_thumbnail":0,"footnotes":""},"class_list":["post-201","page","type-page","status-publish","hentry"],"_links":{"self":[{"href":"https:\/\/szarak-kanczuga.pl\/index.php\/wp-json\/wp\/v2\/pages\/201"}],"collection":[{"href":"https:\/\/szarak-kanczuga.pl\/index.php\/wp-json\/wp\/v2\/pages"}],"about":[{"href":"https:\/\/szarak-kanczuga.pl\/index.php\/wp-json\/wp\/v2\/types\/page"}],"author":[{"embeddable":true,"href":"https:\/\/szarak-kanczuga.pl\/index.php\/wp-json\/wp\/v2\/users\/1"}],"replies":[{"embeddable":true,"href":"https:\/\/szarak-kanczuga.pl\/index.php\/wp-json\/wp\/v2\/comments?post=201"}],"version-history":[{"count":9,"href":"https:\/\/szarak-kanczuga.pl\/index.php\/wp-json\/wp\/v2\/pages\/201\/revisions"}],"predecessor-version":[{"id":373,"href":"https:\/\/szarak-kanczuga.pl\/index.php\/wp-json\/wp\/v2\/pages\/201\/revisions\/373"}],"wp:attachment":[{"href":"https:\/\/szarak-kanczuga.pl\/index.php\/wp-json\/wp\/v2\/media?parent=201"}],"curies":[{"name":"wp","href":"https:\/\/api.w.org\/{rel}","templated":true}]}}