{"id":230,"date":"2017-03-06T08:32:36","date_gmt":"2017-03-06T07:32:36","guid":{"rendered":"http:\/\/szarak-kanczuga.pl\/?page_id=230"},"modified":"2017-03-06T08:38:03","modified_gmt":"2017-03-06T07:38:03","slug":"gospodarka-lowiecka-w-minionych-latach","status":"publish","type":"page","link":"https:\/\/szarak-kanczuga.pl\/index.php\/gospodarka-lowiecka-w-minionych-latach\/","title":{"rendered":"Gospodarka \u0142owiecka w minionych latach"},"content":{"rendered":"<p>Opracowa\u0142: Piku\u0142a J\u00f3zef<\/p>\n<p>W odleg\u0142ych czasach, troch\u0119 zapomnianych i s\u0142abo udokumentowanych bra\u0107 my\u015bliwska zrzeszona organizacyjnie w Kole \u0141owieckim \u201cSzarak&#8221; Ka\u0144czuga dzier\u017cawi\u0142a 4 obwody \u0142owieckie, w tym obw\u00f3d zagospodarowany obecnie przez koleg\u00f3w z Ko\u0142a Wilk w Husowie. Podstaw\u0105 do prowadzenia dzia\u0142alno\u015bci \u0142owieckiej s\u0105 dzisiaj 3 obwody \u0142owieckie, pozostaj\u0105ce w dzier\u017cawie od za\u0142o\u017cenia Ko\u0142a, kt\u00f3rych \u0142\u0105czna powierzchnia wynosi 15 672 ha a powierzchnia le\u015bna 1426 ha.<\/p>\n<p>By\u0142y w 50-letniej historii Ko\u0142a niew\u0105tpliwie sukcesy, by\u0142y te\u017c pora\u017cki w hodowli, ochronie czy pozyskaniu a mo\u017ce i w organizacji. Cz\u0142onkowie wiod\u0105cy czy my\u015bliwi o kr\u00f3tkim sta\u017cu w Kole maj\u0105 niezbywalne prawo do w\u0142asnej oceny \u0142owieckiej przesz\u0142o\u015bci poprzez osobiste doznania. \u0141\u0105czna og\u00f3lna ocena wydaje si\u0119 by\u0107 pozytywna, o czym \u015bwiadczy cho\u0107by bie\u017c\u0105ca aktywna dzia\u0142alno\u015b\u0107 Ko\u0142a i cz\u0142onk\u00f3w zrzeszonych.<\/p>\n<p>W dzier\u017cawionych \u0142owiskach wyst\u0119puje wiele gatunk\u00f3w \u0142ownych, w r\u00f3\u017cnych obwodach, z r\u00f3\u017cnym rozmieszczeniem, niestety z tendencj\u0105 spadkow\u0105 w\u015br\u00f3d zwierzyny drobnej.<\/p>\n<p>Od zawsze zag\u0142\u0119biem zaj\u0119czym by\u0142 obw\u00f3d nr 36. Organizowane na przestrzeni lat polowania zbiorowe czy bezkrwawe \u0142owy zawsze dawa\u0142y satysfakcjonuj\u0105ce uczestnik\u00f3w wyniki. Do przesz\u0142o\u015bci jednak nale\u017cy wynik od\u0142ow\u00f3w z 1976 r. Organizowane i prowadzone przez nie\u017cyj\u0105cego ju\u017c Koleg\u0119 Adolfa \u017bygad\u0142\u0119 w \u0142owisku \u0141opuszka Ma\u0142a &#8211; Sosnak jednodniowe od\u0142owy w trzech zastawieniach i sze\u015bciu p\u0119dzeniach da\u0142y w efekcie 127 od\u0142owionych zdrowych, bez uszkodze\u0144 zaj\u0119cy, przeznaczonych dla odbiorcy \u201cLas\u201d Przemy\u015bl. Obecnie prowadzone od\u0142owy nie daj\u0105 por\u00f3wnywalnego wyniku. Dwukrotnie wi\u0119ksza powierzchnia, ilo\u015b\u0107 zastawie\u0144 i p\u0119dze\u0144 daje mniejszy wynik. Analiza tego stanu jest zawsze wielow\u0105tkowa i nie w pe\u0142ni przydatna do dzia\u0142a\u0144 zapobiegawczych.<\/p>\n<p>Faktem jest jednak stosunkowo ma\u0142a w tym obwodzie ilo\u015b\u0107 czynnych nor lisich i mniejsza liczba zimuj\u0105cych myszo\u0142ow\u00f3w w por\u00f3wnaniu do innych obwod\u00f3w. Rozci\u0105gaj\u0105cy si\u0119 pomi\u0119dzy Czudowicami a Ka\u0144czug\u0105 oraz Zarzeczem a \u0141opuszk\u0105 lekko pofalowany teren, poci\u0119ty sieci\u0105 asfaltowych dr\u00f3g i ma\u0142ych ciek\u00f3w wodnych jest wyj\u0105tkowo dobrym siedliskiem dla zwierzyny drobnej, w tym zaj\u0105ca i ba\u017canta. Prowadzona od lat, a zapocz\u0105tkowana przez nie\u017cyj\u0105cego ju\u017c Koleg\u0119 Stanis\u0142awa Zaj\u0105ca introdukcja ba\u017canta dawa\u0142a i daje satysfakcjonuj\u0105ce wyniki. Rekordowym w historii Ko\u0142a by\u0142o pozyskanie w 1978 r. na polowaniu zbiorowym Koryta Mleczki 64 szt. ba\u017cant\u00f3w kogut\u00f3w. Kr\u00f3lem by\u0142 w\u00f3wczas, nie\u017cyj\u0105cy dzi\u015b Kolega Alfred Kowal, z rozk\u0142adem 17 ba\u017cant\u00f3w, a na ko\u0144cowy wynik \u0142adnie zapracowa\u0142 pierwszy w&#8217; Kole wy\u017ce\u0142 niemiecki szorstkow\u0142osy D\u017cek.<\/p>\n<p>W por\u00f3wnaniu do innych obwod\u00f3w wyst\u0119powanie samy polnej by\u0142o i jest ma\u0142o zadawalaj\u0105ce. Realizacja planowanych odstrza\u0142\u00f3w z nastawieniem na rozw\u00f3j liczebny i jako\u015bciowy gatunku, jak dot\u0105d nie przynios\u0142a spodziewanych efekt\u00f3w.<\/p>\n<p>&nbsp;<\/p>\n<p>Warto r\u00f3wnie\u017c odnotowa\u0107 fakt odstrza\u0142u na terenie obwodu typowo polnego, okazjonalnie przebywaj\u0105cego w uprawach PGR Mikulice ody\u0144czyka &#8211; przelatka. Czy\u017cby genotyp-dzik polny?<br \/>\nNie zanotowano r\u00f3wnie\u017c pozyskania czy wyst\u0119powania koz\u0142a o rekordowych b\u0105d\u017a medalowych parostkach. Pozost\u0105j\u0119jednak z przekonaniem, \u017ce praca Zarz\u0105du Ko\u0142a oraz cz\u0142onk\u00f3w, a w szczeg\u00f3lno\u015bci Kolegi Stanis\u0142awa Mazurka, d\u0142ugoletniego gospodarza obwodu, przyniesie satysfakcjonuj\u0105ce wyniki.<\/p>\n<p>Corocznie w \u0142owieckim planie hodowlanym ujmowane s\u0105 r\u00f3wnie\u017c inne gatunki. Prezentowana kopia planu, w moim przekonaniu, pos\u0142u\u017cy za dokument zamykaj\u0105cy 50 lat i otwieraj\u0105cy nowy okres, okres aktywnej i efektywnej ochrony.<\/p>\n<p>Kolega Mieczys\u0142aw Tarczyd\u0142o, le\u015bnik, my\u015bliwy od ponad 20 lat jest gospodarzem obwodu nr 35. Skutecznie i efektywnie dzia\u0142a\u0142 i dzia\u0142a nadal w hodowli i ochronie gatunk\u00f3w \u0142ownych oraz bie\u017c\u0105cej dzia\u0142alno\u015bci gospodarczej. Gospodarzy na 5750 ha w tym 322 ha lasu. Na terenie obwodu, po\u0142o\u017conego w pag\u00f3rkowatym terenie ze s\u0142abym wyst\u0119powaniem remiz \u015br\u00f3dpolnych czy pojedynczych drzew wyst\u0119puj\u0105 dziki, samy, borsuki, lisy, kuny, zaj\u0105ce, ba\u017canty, kuropatwy i masa innego drobiazgu. Wizyty sk\u0142adane s\u0105 przez jelenie, skutecznie zwi\u0119kszaj\u0105ce sum\u0119 odszkodowa\u0144 \u0142owieckich. Tradycj\u0105 polowa\u0144 zbiorowych le\u015bnych by\u0142o pozyskiwanie lis\u00f3w najcz\u0119\u015bciej przez \u015bp. Koleg\u00f3w Chmur\u0119 Jana oraz wsp\u00f3\u0142zawodnicz\u0105cego z nim gajowego i my\u015bliwego \u015bp. Marcina K\u0105dzio\u0142k\u0119. Polowania zbiorowe, organizowane i prowadzone w \u0142owisku Mikulice. cieszy\u0142y si\u0119 i nadal ciesz\u0105 zas\u0142u\u017con\u0105 s\u0142aw\u0105 i legend\u0105 si\u0119gaj\u0105c\u0105 daleko poza granice dzia\u0142ania Ko\u0142a. To na tych polowaniach pas i paczka amunicji dla Strzelca by\u0142y niewystarczaj\u0105ce, karawany \u0142ama\u0142y si\u0119 pod ci\u0119\u017carem ubitych zaj\u0119cy, a uczestnictwo w nim by\u0142o szczeg\u00f3lnym wyr\u00f3\u017cnieniem. Dzisiaj paczka amunicji wystarcza, konie nie przewracaj\u0105 ci\u0119\u017ckiego, z\u0142amanego karawanu, a jeep z demobilu z powodzeniem dow iczie -trze!* ne szaraki na miejsce zbi\u00f3rki.<\/p>\n<p>Ledwie 5,6% powierzchni obwodu to las. a i to rozcz\u0142onkowany, otoczony na dodatek sadybami wsi Sietesz, Lipnik, Hus\u00f3w. Nie przeszkodzi\u0142o to jednak w pozyskaniu najt\u0119\u017cszego w historii Ko\u0142a odynca Koledze Zbigniewowi Zaj\u0105cowi. Medalowy or\u0119\u017c ozdabia koiekcj\u0119. a sam przebieg polowania indywidualnego jest niez\u0142ym materia\u0142em na opowiadanie. Dzik, cho\u0107 jedyny medalowy w sw oim gatunku, nie pozostaje jedynym medalowym trofeum. Od lat. koz\u0142y, samy ponad przeci\u0119tne nak\u0142adaj\u0105 parostki. R\u00f3wnomierne r zprzestrzenienie tego gatunku w obwodzie, pozwala\u0142o i pozwala na pe\u0142ny przegl\u0105d populacji.<\/p>\n<p>&nbsp;<\/p>\n<p>W\u015br\u00f3d wielu ciekawych selekt\u00f3w, cho\u0107by takich jak medalowy my\u0142kus Kol. Tarczyd\u0142y czy dwunastak Kol. Zygmunta i ca\u0142ego drobiazgu szpicaczk\u00f3w. Koledzy Piku\u0142a J\u00f3zef, Zaj\u0105c Zbigniew, Tarczydlo Mieczys\u0142aw i Zygmunt Jan pozyskali z\u0142oto medalowe oraz medalowe trofea, prezentowane na wystawach krajowych i zagranicznych. Koz\u0142y \u017cycia &#8211; pozyskali go\u015bcinnie poluj\u0105cy Breer Hubert z Niemiec, podprowadzany przez Kol. Zaj\u0105ca, felietonista \u0141owca Polskiego, znany my\u015bliwy r\u00f3wnie\u017c poza granicami Kolega Maciej Login, podprowadzany przez Kol. Bloka Edwarda.<\/p>\n<p>Prowadzona sensownie hodowla i ochrona, racjonalne pozyskanie, introdukcja ba\u017canta pozwala z nadziej\u0105 i konkretnymi planami wkracza\u0107 w kolejne 50-Iecie.<\/p>\n<p>Prezentowany \u0142owiecki plan hodowlany na rok gospodarczy 97\/98 niech b\u0119dzie zapisem okre\u015blaj\u0105cym dla kolekcjoner\u00f3w i zbieraczy pewien epizod z 50 lat dzia\u0142alno\u015bci, wskazuj\u0105cym poszczeg\u00f3lne elementy maj\u0105ce podstawowe znaczenie w dzia\u0142alno\u015bci Ko\u0142a.<\/p>\n<p>Wielu Koleg\u00f3w przysi\u0119g\u0119 \u015aw. Hubertowi sk\u0142ada\u0142o w dniu Jego \u015bwi\u0119ta-Hubertowiny, \u015bwi\u0119to je\u017ad\u017ac\u00f3w goni\u0105cych za lisem, prawdziwe \u015bwi\u0119to braci my\u015bliwskiej w r\u00f3\u017cnej formie, scenerii, oprawie, miejscu i okoliczno\u015bciach przez lata by\u0142o obchodzone w le\u015bnej scenerii obwodu nr 42. Pokot bywa\u0142 r\u00f3\u017cny, r\u00f3\u017cnie darzy\u0142 \u015bw. Hubert. Szczeg\u00f3ln\u0105 \u0142askawo\u015b\u0107 jednak wykazywa\u0142 dla lisiarzy w osobach Koleg\u00f3w Henryka \u015awista oraz Edwarda Bloka. To zadziwiaj\u0105ce, lecz prawie ka\u017cde polowanie zbiorowe w wyniku dawa\u0142o regularnie lisiur\u0119 kt\u00f3remu\u015b z Koleg\u00f3w. Od regu\u0142y bywaj\u0105 jednak wyj\u0105tki.<\/p>\n<p>W latach siedemdziesi\u0105tych planem polowa\u0144 zbiorowych obj\u0119te by\u0142o \u0142owisko Widacz\u00f3w. Polowano przy dobrej pogodzie na lisy oraz zaj\u0105ce szaraki. Warunki atmosferyczne w\u00f3wczas panuj\u0105ce zdaj\u0105 si\u0119 zadawa\u0107 k\u0142am stwierdzeniu braci my\u015bliwskiej, \u017ce pogoda na polowaniu jest dobra lub bardzo dobra. Najwytrwalsi my\u015bliwi zgodnie z prowadz\u0105cym polowanie postanowili polowanie zako\u0144czy\u0107 ostatnim miotem pocieszenia, p\u0119dz\u0105c Turzy Potok, tylko dlatego, \u017ce szaraki je\u017celi zosta\u0142y nadepni\u0119te przez nagank\u0119 to natychmiast zosta\u0142y porywane przez wiatr wiej\u0105cy przy kilku stopniach mrozu. Strzelono w\u00f3wczas 7<br \/>\nzaj\u0119cy, najcz\u0119\u015bciej w locie.\u00a0Prowadz\u0105cy \u015bp. Kol. \u017bygad\u0142o rozstawi\u0142 sprawnie lini\u0119 od \u0141uczyka do Wilczej \u0141\u0105ki. Poruszenie na linii, nerwowy strza\u0142 Kol. Cichego, gor\u0105czkowe poszukiwania w\u015br\u00f3d wypatroszonej torby Kol. Zaj\u0105ca i jest dzik defiluj\u0105cy po linii. Strzelony w\u00f3wczas brenek\u0105 na komor\u0119 dziczek okaza\u0142 si\u0119 by\u0107 156 kg ody\u0144cem posiadaj\u0105cym or\u0119\u017c wyceniony na \u015bwiatowej wystawie \u0142owieckiej w P\u0142owdiw na 117,3 pkt i otrzyma\u0142 srebrny medal. Strzeli\u0142 go w\u00f3wczas \u017c\u00f3\u0142todzi\u00f3b Piku\u0142a J\u00f3zef legitymuj\u0105cy si\u0119 ledwie dwuletnim sta\u017cem my\u015bliwskim. Do dzisiaj or\u0119\u017c ten jest rekordem obwodu.<\/p>\n<p>Bardzo dobre gospodarzenie w obwodzie Kolegi Edwarda Bloka doprowadzi\u0142o do zagospodarowania \u015br\u00f3dle\u015bnych nieu\u017cytk\u00f3w w pi\u0119kne uprawy rolne. Praca spo\u0142eczna wszystkich my\u015bliwych, wykonywana na zasadzie wzajemnego uzupe\u0142niania si\u0119, doprowadza\u0142a kultur\u0119 roln\u0105 i uprawy do zadziwiaj\u0105co dobrych wynik\u00f3w. By\u0142y przy tym wydarzenia humorystyczne, by\u0142y i dramatyczne. Kol. \u015awist o ma\u0142o nie przyp\u0142aci\u0142 \u017cyciem budowy pierwszego magazynopa\u015bnika, Kolega Pakla, ze z\u0142amanym nosem i zagro\u017ceniem utraty oka powozi\u0142 w\u0142asnym koniem przy budowie ambony. Prace zaowocowa\u0142y jednak w pocz\u0105tkowym okresie w kierunku niezamierzonym. Pa\u015bniki nie by\u0142y odwiedzane, poletka razi\u0142y nieposzlakowan\u0105 tropem zwierza powierzchni\u0105. Dosz\u0142o do tego, \u017ce w \u015brodku lasu kombajnem zbierali\u015bmy pszenic\u0119, bo nikt jej nie odwiedza\u0142. Jednak do czasu. Dobre poletka \u0142owieckie, r\u00f3\u017cnorodna karma by\u0142a przyczyn\u0105, dla kt\u00f3rej w naszym \u0142owisku le\u015bnym zacz\u0119\u0142y zatrzymywa\u0107 si\u0119 jelenie i dziki. Pierwszego jelenia byka w Kole, strzeli\u0142 Koi. Zygmunt Jan. Jak do tej pory jest to najlepsze trofeum, cho\u0107 dla jeleniarzy jest to by\u0107 mo\u017ce wyro\u015bni\u0119ty kozio\u0142.<\/p>\n<p>Prawdziwe medalowe trofea koz\u0142\u00f3w pozyskali Kolega Blok Edward &#8211; najlepszy w Kole 166,33 pkt wycena Norymberga, oraz Kol. Adam Blok &#8211; wycena wst\u0119pna ponad 130 pkt.<\/p>\n<p>Mocno pag\u00f3rkowaty teren obwodu, poro\u015bni\u0119te w\u0105wozy i jary s\u0105 dobr\u0105 ostoj\u0105 dla zwierzyny drobnej. Trudny teren jest przyczyn\u0105, dla kt\u00f3rej nie od\u0142awiamy zaj\u0119cy. R\u00f3wnocze\u015bnie coroczne wydatki na popraw\u0119 warunk\u00f3w bytowania zwierzyny, upraw\u0119 poletek czy odszkodowania \u0142owieckie powoduj\u0105 znacz\u0105c\u0105 r\u00f3\u017cnic\u0119 pomi\u0119dzy przychodami a wydatkami. Prowadzone polowania dewizowe s\u0105 \u015brodkiem poprawy bi lansu p\u0142atniczego tego obwodu.<\/p>\n<p>Zmieniaj\u0105ce si\u0119 Zarz\u0105dy Ko\u0142a , panuj\u0105ce warunki i zwyczaje spowodowa\u0142y, \u017ce dokumenty \u017ar\u00f3d\u0142owe znajduj\u0105ce si\u0119 w posiadaniu Ko\u0142a datowane s\u0105 rokiem 1980. Dla okazjonalnego wydawnictwa, jakim jest niew\u0105tpliwie planowany druk mo\u017cna by\u0142o opracowa\u0107 tabele i zestawienia tego okresu. Bior\u0105c jednak pod uwag\u0119 w\u0142asne do\u015bwiadczenia poparte wiedz\u0105 znamienitych my\u015bliwych takich cho\u0107by jak Koledzy: Wojtczak, Rut, Kopczak czy zmar\u0142ych takich jak Kol. Pasierb, K\u0105dzio\u0142ka czy \u017bygad\u0142o pragn\u0105\u0142em poprzez tre\u015b\u0107 tekstu i prezentowane kopie plan\u00f3w zachowa\u0107 atmosfer\u0119 okresu przemijaj\u0105cego.<\/p>\n<p>Zadania stoj\u0105ce przed spo\u0142eczno\u015bci\u0105 Ko\u0142a rozumnie kierowan\u0105 przez aktualny Zarz\u0105d wymagaj\u0105 ci\u0105g\u0142ej aktywno\u015bci w wielu dziedzinach.<\/p>\n<p>Rozwijaj\u0105ce si\u0119 ruchy \u201czielonych\u201d musz\u0105 natrafi\u0107 na przygotowanych pasjonat\u00f3w dysponuj\u0105cych wielorak\u0105 wiedz\u0105 \u0142owieck\u0105. Potrzeba szkolenia, potrzeba hodowli, potrzeba ochrony to najwa\u017cniejsze zadania na przysz\u0142o\u015b\u0107. Dobrze jest, \u017ce t\u0105 przysz\u0142o\u015b\u0107 budujemy dzi\u015b poprzez walk\u0119 z k\u0142usownictwem we wszystkich jego formach, poprzez introdukcj\u0119 gatunk\u00f3w, poprzez dokarmianie ca\u0142oroczne i sezonowe, poprzez wzbogacanie \u0142owisk w urz\u0105dzenia hodowlane. Prawid\u0142owo prowadzona gospodarka \u0142owiecka jest szans\u0105 na selektywne zbieranie owoc\u00f3w poprzez tak umi\u0142owane przez nas polowanie.<\/p>\n<p>&nbsp;<\/p>\n<p>&nbsp;<\/p>\n","protected":false},"excerpt":{"rendered":"<p>Opracowa\u0142: Piku\u0142a J\u00f3zef W odleg\u0142ych czasach, troch\u0119 zapomnianych i s\u0142abo udokumentowanych bra\u0107 my\u015bliwska zrzeszona organizacyjnie w Kole \u0141owieckim \u201cSzarak&#8221; Ka\u0144czuga dzier\u017cawi\u0142a 4 obwody \u0142owieckie, w tym obw\u00f3d zagospodarowany obecnie przez koleg\u00f3w z Ko\u0142a Wilk w Husowie. Podstaw\u0105 do prowadzenia dzia\u0142alno\u015bci &hellip; <a href=\"https:\/\/szarak-kanczuga.pl\/index.php\/gospodarka-lowiecka-w-minionych-latach\/\">Czytaj dalej <span class=\"meta-nav\">&rarr;<\/span><\/a><\/p>\n","protected":false},"author":1,"featured_media":0,"parent":0,"menu_order":0,"comment_status":"closed","ping_status":"closed","template":"","meta":{"_monsterinsights_skip_tracking":false,"_monsterinsights_sitenote_active":false,"_monsterinsights_sitenote_note":"","_monsterinsights_sitenote_category":0,"ngg_post_thumbnail":0,"footnotes":""},"class_list":["post-230","page","type-page","status-publish","hentry"],"_links":{"self":[{"href":"https:\/\/szarak-kanczuga.pl\/index.php\/wp-json\/wp\/v2\/pages\/230"}],"collection":[{"href":"https:\/\/szarak-kanczuga.pl\/index.php\/wp-json\/wp\/v2\/pages"}],"about":[{"href":"https:\/\/szarak-kanczuga.pl\/index.php\/wp-json\/wp\/v2\/types\/page"}],"author":[{"embeddable":true,"href":"https:\/\/szarak-kanczuga.pl\/index.php\/wp-json\/wp\/v2\/users\/1"}],"replies":[{"embeddable":true,"href":"https:\/\/szarak-kanczuga.pl\/index.php\/wp-json\/wp\/v2\/comments?post=230"}],"version-history":[{"count":4,"href":"https:\/\/szarak-kanczuga.pl\/index.php\/wp-json\/wp\/v2\/pages\/230\/revisions"}],"predecessor-version":[{"id":236,"href":"https:\/\/szarak-kanczuga.pl\/index.php\/wp-json\/wp\/v2\/pages\/230\/revisions\/236"}],"wp:attachment":[{"href":"https:\/\/szarak-kanczuga.pl\/index.php\/wp-json\/wp\/v2\/media?parent=230"}],"curies":[{"name":"wp","href":"https:\/\/api.w.org\/{rel}","templated":true}]}}